 122032574?
False
Does 887 divide 707736413?
True
Is 203 a factor of 10740121?
True
Is 57477180 a multiple of 1783?
False
Is 252 a factor of 64036224?
True
Is 40839215 a multiple of 746?
False
Does 1085 divide 937907826?
False
Is 2194783954 a multiple of 106?
True
Is 7 a factor of 30828420?
True
Is 35062833 a multiple of 299?
True
Is 5185476 a multiple of 9?
True
Is 19960512 a multiple of 132?
True
Does 208 divide 2997773512?
False
Is 8487603 even?
False
Does 976 divide 2033349335?
False
Is 75009171 a multiple of 3679?
False
Is 85143960 a multiple of 88?
True
Is 236685744 a multiple of 444?
True
Is 155 a factor of 10010720?
False
Does 770 divide 92296820?
True
Is 376525328 a multiple of 43?
False
Does 297 divide 330602030?
False
Is 1158 a factor of 2006948788?
False
Is 2132774775 a multiple of 63?
False
Is 4 a factor of 518805308?
True
Is 11 a factor of 12543212?
True
Does 50 divide 1635611?
False
Does 1098 divide 26885364?
False
Is 824 a factor of 88902184?
True
Does 950 divide 88973485?
False
Is 49944744 a multiple of 548?
False
Does 1785 divide 58846095?
True
Is 30 a factor of 57934470?
True
Is 31382850 a multiple of 850?
True
Does 13 divide 150113561?
True
Does 2345 divide 51719149?
False
Is 21906948 a multiple of 782?
True
Is 7526628 a multiple of 108?
True
Is 22 a factor of 75754932?
True
Is 81 a factor of 2726753463?
True
Does 511 divide 5208442?
False
Is 201383688 a multiple of 264?
True
Is 298251300 a multiple of 60?
True
Does 74 divide 9747354?
True
Does 18 divide 286734863?
False
Does 727 divide 96152266?
False
Is 217393920 a multiple of 3006?
True
Is 1438981110 a multiple of 730?
True
Is 9 a factor of 1969874897?
False
Does 21 divide 4624770?
False
Does 2478 divide 61467610?
False
Is 10 a factor of 484945418?
False
Does 1420 divide 723916000?
True
Is 17735060 a multiple of 16?
False
Does 21 divide 1599243059?
False
Is 16023281 a multiple of 276?
False
Does 1351 divide 24625027?
False
Is 76751732 a multiple of 275?
False
Is 131855680 a multiple of 80?
True
Does 35 divide 37869405?
True
Is 17527104 a multiple of 126?
True
Is 303769250 a multiple of 125?
True
Is 605 a factor of 2165857296?
False
Is 14 a factor of 154615589?
False
Does 30 divide 2834044?
False
Does 248 divide 293654835?
False
Is 11653314 a multiple of 723?
True
Is 133971411 a multiple of 572?
False
Is 41 a factor of 4982195770?
True
Is 14 a factor of 95834897?
False
Is 38220808 a multiple of 3244?
True
Does 37 divide 12009904?
True
Is 31460571 a multiple of 163?
False
Is 231092056 a multiple of 7?
False
Is 846161242 a multiple of 298?
False
Is 14 a factor of 43073492?
True
Is 180854161 a multiple of 2535?
False
Does 1691 divide 87943837?
True
Is 423 a factor of 134491581?
True
Is 117023844 a multiple of 12?
True
Does 30 divide 461512?
False
Is 115933648 a multiple of 464?
True
Is 177583406 a multiple of 13?
True
Does 23 divide 5456754094?
True
Is 10 a factor of 245834908?
False
Does 33 divide 801739878?
False
Is 1979 a factor of 1511326678?
True
Is 2 a factor of 44226?
True
Does 118 divide 435239342?
True
Does 267 divide 954345?
False
Does 30 divide 31498440?
True
Does 3109 divide 880883408?
False
Is 86137065 a multiple of 31?
True
Is 123173468 a multiple of 27?
False
Is 2094868882 a multiple of 6989?
True
Is 521188245 a multiple of 3285?
True
Is 5 a factor of 583955?
True
Is 589811976 a multiple of 29?
True
Is 490693358 a multiple of 8270?
False
Does 266 divide 7104859?
False
Is 34691521 a multiple of 33?
False
Is 70 a factor of 109930450?
True
Does 17 divide 39021987?
True
Is 886489618 a multiple of 100?
False
Is 22058230 a multiple of 5?
True
Is 83706230 a multiple of 10?
True
Does 20 divide 60328958?
False
Is 12 a factor of 1920022496?
False
Does 573 divide 377064642?
False
Is 10031989 a multiple of 121?
True
Is 221205490 a multiple of 297?
False
Does 3 divide 1847514?
True
Is 483401296 a multiple of 698?
True
Does 80 divide 325360?
True
Does 1412 divide 70722844?
True
Is 37077778 a multiple of 19?
True
Does 3 divide 1125286830?
True
Does 8 divide 51622987?
False
Is 19 a factor of 306910529?
False
Is 98 a factor of 104929972?
True
Does 543 divide 54513882?
False
Is 470 a factor of 23842160?
True
Does 115 divide 559387189?
False
Does 14 divide 139403712?
True
Does 5 divide 199300?
True
Is 63819809 a multiple of 56?
False
Is 44649717 a multiple of 7?
True
Is 6358 a factor of 127012290?
False
Is 2427282 a multiple of 78?
True
Is 4 a factor of 71960598?
False
Is 58451042 a multiple of 13?
True
Is 73619400 a multiple of 435?
True
Is 20 a factor of 12547841?
False
Is 62747503 a multiple of 29?
True
Is 40111204 a multiple of 526?
False
Does 236 divide 980153?
False
Is 5 a factor of 6892933?
False
Does 1688 divide 42596100?
False
Does 52 divide 82856609?
False
Does 34 divide 28184639?
False
Does 117 divide 90240557?
False
Is 27 a factor of 390165864?
False
Is 217 a factor of 320643540?
True
Is 309 a factor of 3268327?
False
Does 12 divide 25536890?
False
Does 10650 divide 2207862403?
False
Is 596 a factor of 2229028676?
True
Is 8 a factor of 2951977?
False
Does 3490 divide 231872110?
True
Is 38 a factor of 54086795?
False
Is 1200309435 a multiple of 585?
True
Does 2 divide 634046654?
True
Is 5 a factor of 12402230?
True
Does 347 divide 9238875?
True
Is 271 a factor of 46155907?
True
Does 2417 divide 685282487?
False
Does 1475 divide 1306533304?
False
Is 270732410 a multiple of 515?
True
Is 1272301632 a multiple of 169?
False
Is 7021037232 a multiple of 1296?
True
Is 472052456 a multiple of 73?
True
Does 7226 divide 2967510068?
False
Does 1097 divide 268703352?
False
Is 12 a factor of 109674453?
False
Is 1379470977 a multiple of 2491?
False
Is 56 a factor of 18490080?
True
Is 61 a factor of 8923760?
False
Is 522 a factor of 101175084?
True
Is 75983724 a multiple of 1218?
False
Is 37402086 a multiple of 1686?
False
Is 99 a factor of 600949701?
True
Is 42631935 a multiple of 6?
False
Is 890 a factor of 195004398?
False
Is 43506610 a multiple of 184?
False
Does 9 divide 61858838?
False
Is 176 a factor of 1338475952?
True
Is 28912919 a multiple of 3528?
False
Is 1025 a factor of 77995935?
False
Is 17671772 a multiple of 331?
False
Does 20 divide 801542871?
False
Is 357548018 a multiple of 433?
True
Is 138403689 a multiple of 676?
False
Is 12929571 a multiple of 153?
True
Does 8 divide 72546508?
False
Is 314 a factor of 6239187977?
False
Is 31 a factor of 117763451?
True
Is 639252481 a multiple of 13?
False
Is 465243200 a multiple of 31?
False
Is 4117477 a multiple of 2?
False
Does 229 divide 224474044?
True
Does 71 divide 87489466?
True
Does 9 divide 71141682?
False
Is 896994 a multiple of 9?
True
Does 217 divide 19715318?
True
Is 14 a factor of 462780983?
False
Is 7241684 a multiple of 168?
False
Does 2 divide 458773?
False
Does 1139 divide 2565006185?
False
Is 95494286 a multiple of 1223?
True
Is 312 a factor of 26074464?
True
Is 820067557 a multiple of 17?
False
Is 39 a factor of 8517100?
False
Is 8 a factor of 9916688?
True
Is 2809085949 a multiple of 381?
True
Is 9 a factor of 193936446?
True
Is 9342826 a multiple of 218?
True
Is 43 a factor of 16965526?
False
Is 442085890 a multiple of 4?
False
Does 50 divide 312300?
True
Is 14 a factor of 1684576239?
False
Is 967 a factor of 82606942?
True
Is 14629293 a multiple of 49?
True
Is 14 a factor of 20904086?
True
Is 21347740 a multiple of 10?
True
Is 1111472940 a multiple of 5?
True
Is 1092912180 a multiple of 20?
True
Is 455468456 a multiple of 19?
True
Is 478227208 a multiple of 8?
True
Is 29 a factor of 32536901?
False
Is 181 a factor of 4609165?
True
Is 2083484 a multiple of 52?
True
Is 29392002 a multiple of 69?
False
Does 81 divide 128138140?
False
Is 96281201 a multiple of 146?
False
Is 30 a factor of 6548365682?
False
Is 2144987712 a multiple of 5208?
True
Is 82473900 a multiple of 25?
True
Is 434 a factor of 104870892?
True
Is 88 a factor of 28262696?
True
Does 46 divide 1162393366?
True
Does 1994 divide 663443680?
True
Is 5311 a factor of 3635925804?
False
Does 325 divide 169614984?
False
Does 125 divide 3979000?
True
Is 1029 a factor of 1255408812?
True
Is 994722747 a multiple of 46?
False
Is 572340901 a multiple of 2?
False
Is 16104380 a multiple of 1157?
False
Does 307 divide 203013881?
True
Does 2573 divide 4